ime number?
False
Is 15833 a prime number?
False
Is 106591 prime?
True
Is 42899 a composite number?
False
Is 971 a composite number?
False
Is 29527 a composite number?
False
Is 50411 composite?
False
Is 8327 a composite number?
True
Is 1741651 a prime number?
True
Is 16183 prime?
True
Is 11887 a composite number?
False
Is 312539 a composite number?
True
Is 941 a composite number?
False
Is 3907 composite?
False
Is 10713 composite?
True
Is 29033 a composite number?
False
Is 2707 prime?
True
Is 545231 prime?
True
Is 99563 a composite number?
False
Is 17327 a prime number?
True
Is 4783 composite?
False
Is 19977 a composite number?
True
Is 88697 a prime number?
False
Is 57389 a prime number?
True
Is 190163 a composite number?
True
Is 199687 composite?
False
Is 673559 composite?
True
Is 4889 a prime number?
True
Is 4831 prime?
True
Is 16246 a composite number?
True
Is 29663 a prime number?
True
Is 47363 a composite number?
False
Is 5113 a prime number?
True
Is 92717 a prime number?
True
Is 33109 prime?
False
Is 701159 a prime number?
True
Is 253886 prime?
False
Is 42853 prime?
True
Is 278539 composite?
True
Is 43114 a composite number?
True
Is 599321 prime?
True
Is 4561 a prime number?
True
Is 144511 a composite number?
False
Is 465437 prime?
False
Is 16301 a prime number?
True
Is 20341 prime?
True
Is 16463 prime?
False
Is 16127 composite?
False
Is 959039 prime?
False
Is 2591 prime?
True
Is 1752909 prime?
False
Is 35393 composite?
False
Is 22 prime?
False
Is 1171 composite?
False
Is 142145 prime?
False
Is 62459 prime?
True
Is 38297 composite?
True
Is 1471 a prime number?
True
Is 3733985 composite?
True
Is 3799 prime?
False
Is 119 a composite number?
True
Is 7477 a prime number?
True
Is 56567 a composite number?
True
Is 559841 a composite number?
False
Is 197797 prime?
False
Is 89 a prime number?
True
Is 10607 prime?
True
Is 1582001 a prime number?
True
Is 38767 a prime number?
True
Is 64271 prime?
True
Is 21053 a composite number?
True
Is 40189 a prime number?
True
Is 345403 composite?
True
Is 94421 prime?
True
Is 5449 a composite number?
False
Is 41669 a composite number?
False
Is 37427 a composite number?
True
Is 14902 a prime number?
False
Is 9917 composite?
True
Is 114943 a composite number?
True
Is 341833 a prime number?
False
Is 17057 a prime number?
False
Is 24359 a composite number?
False
Is 61163 prime?
False
Is 281173 a composite number?
True
Is 81247 prime?
False
Is 38501 prime?
True
Is 46049 prime?
True
Is 242806 a prime number?
False
Is 3131 prime?
False
Is 38507 prime?
False
Is 1361 prime?
True
Is 44171 a prime number?
True
Is 1966871 prime?
True
Is 116239 a prime number?
True
Is 1501 prime?
False
Is 33157 a composite number?
True
Is 44167 prime?
False
Is 33569 a composite number?
False
Is 2939 a composite number?
False
Is 2623 prime?
False
Is 403181 a prime number?
True
Is 279649 a prime number?
True
Is 920021 a prime number?
True
Is 172849 a composite number?
False
Is 12941 prime?
True
Is 45827 a prime number?
True
Is 360251 prime?
False
Is 6185 composite?
True
Is 1638734 composite?
True
Is 161183 composite?
True
Is 389315 a composite number?
True
Is 7471 composite?
True
Is 130861 a composite number?
True
Is 239119 composite?
False
Is 54689 composite?
True
Is 4373 a prime number?
True
Is 2605 a prime number?
False
Is 495353 composite?
True
Is 59519 composite?
True
Is 1359835 a composite number?
True
Is 30127 a prime number?
False
Is 479 prime?
True
Is 12131 prime?
False
Is 971 prime?
True
Is 4555 composite?
True
Is 5987 prime?
True
Is 217157 composite?
False
Is 51771 a prime number?
False
Is 33547 composite?
False
Is 16603 prime?
True
Is 91231 composite?
True
Is 519607 a prime number?
False
Is 169 composite?
True
Is 7841 composite?
False
Is 6299 a prime number?
True
Is 11299 composite?
False
Is 1350643 composite?
True
Is 3833 prime?
True
Is 20729 prime?
False
Is 18191 a composite number?
False
Is 151273 composite?
False
Is 41479 composite?
False
Is 19709 a prime number?
True
Is 162769 a composite number?
True
Is 17519 a composite number?
False
Is 4918 prime?
False
Is 971 a prime number?
True
Is 4829 prime?
False
Is 5911 a prime number?
False
Is 574239 a prime number?
False
Is 512741 a prime number?
True
Is 41051 composite?
False
Is 648973 prime?
False
Is 7423 a composite number?
True
Is 188873 prime?
False
Is 647687 prime?
True
Is 5959 composite?
True
Is 12659 a composite number?
False
Is 7111 a composite number?
True
Is 266821 prime?
True
Is 419 a composite number?
False
Is 31561 prime?
False
Is 19801 composite?
False
Is 2878229 prime?
True
Is 543961 a prime number?
False
Is 9901 a prime number?
True
Is 120233 prime?
True
Is 63947 a prime number?
False
Is 541 composite?
False
Is 13379 a prime number?
False
Is 3095 a composite number?
True
Is 15891 composite?
True
Is 39499 a prime number?
True
Is 1937 a composite number?
True
Is 1121 a prime number?
False
Is 7591 a composite number?
False
Is 50035 a composite number?
True
Is 66271 composite?
False
Is 7897 composite?
True
Is 39003 prime?
False
Is 597551 a composite number?
False
Is 53727 prime?
False
Is 10559 composite?
False
Is 9791 a prime number?
True
Is 29257 a prime number?
False
Is 1187129 prime?
False
Is 99821 a prime number?
False
Is 4897 prime?
False
Is 10739 a composite number?
False
Is 49451 a prime number?
True
Is 299209 prime?
False
Is 9197 composite?
True
Is 2317301 prime?
False
Is 4645 composite?
True
Is 3941 composite?
True
Is 53243 a composite number?
True
Is 520673 a composite number?
True
Is 21011 prime?
True
Is 45785 a composite number?
True
Is 442873 a composite number?
True
Is 119287 composite?
True
Is 5447 a composite number?
True
Is 3215383 prime?
True
Is 9311 prime?
True
Is 922001 a prime number?
False
Is 36977 a prime number?
False
Is 1175297 prime?
True
Is 2999 a composite number?
False
Is 2060579 a composite number?
False
Is 42923 prime?
True
Is 1037773 prime?
False
Is 23417 composite?
False
Is 43481 prime?
True
Is 110527 composite?
False
Is 94573 prime?
True
Is 1554863 composite?
False
Is 26927 a composite number?
False
Is 19111 a composite number?
True
Is 5273 composite?
False
Is 1138019 composite?
False
Is 2427 a prime number?
False
Is 199183 a composite number?
True
Is 1567931 a prime number?
True
Is 112181 a prime number?
True
Is 214531 a prime number?
True
Is 4283 composite?
False
Is 100291 a composite number?
False
Is 71437 composite?
False
Is 672667 a prime number?
True
Is 357491 prime?
False
Is 10123 a composite number?
True
Is 2017 a prime number?
True
Is 165311 a prime number?
True
Is 35806 prime?
False
Is 119539 a composite number?
True
Is 8941 prime?
True
Is 19259 a prime number?
True
Is 197083 a prime number?
True
Is 6663 composite?
True
Is 272647 prime?
False
Is 58147 prime?
True
Is 332053 a prime number?
True
Is 220251 a prime number?
False
Is 22641 a prime number?
False
Is 12437 a composite number?
False
Is 1649 a prime number?
False
Is 102137 prime?
False
Is 109403 prime?
False
Is 818947 composite?
False
Is 14621 a prime number?
True
Is 91229 a prime number?
True
Is 49447 a composite number?
True
Is 477859 a prime number?
False
Is 17401 prime?
True
Is 17657 a composite number?
False
Is 40231 composite?
False
Is 242401 a composite number?
True
Is 2237 a prime number?
True
Is 1341349 a composite number?
True
Is 196913 a composite number?
True
Is 78977 a prime number?
True
Is 303737 a composite number?
True
Is 1546989 composite?
True
Is 13043 composite?
False
Is 44047 prime?
False
Is 6247 composite?
False
Is 10109 a prime number?
False
Is 7057 composite?
False
Is 78977 prime?
True
Is 673405 a prime number?
False
Is 166503 composite?
True
Is 13577 composite?
False
Is 214145 prime?
False
Is 20341 composite?
False
Is 318367 prime?
False
Is 57839 composite?
False
Is 14969 a prime number?
True
Is 95293 prime?
False
Is 4181635 a prime number?
False
Is 1490738 a composite number?
True
Is 15499 a prime number?
False
Is 27689 a prime number?
True
Is 112199 prime?
True
Is 92987 a prime number?
True
Is 378719 a composite number?
True
Is 25733 prime?
True
Is 644783 a prime number?
True
Is 13885 prime?
False
Is 28973 a composite number?
True
Is 245587 composite?
False
Is 265333 prime?
True
Is 260527 a composite number?
False
Is 12287 a prime number?
